{"id":7252,"date":"2025-12-12T17:58:51","date_gmt":"2025-12-12T22:58:51","guid":{"rendered":"https:\/\/lasirenagourmet.com\/wp\/product\/arroz-con-camarones\/"},"modified":"2025-12-12T17:58:51","modified_gmt":"2025-12-12T22:58:51","slug":"arroz-con-camarones","status":"publish","type":"product","link":"https:\/\/lasirenagourmet.com\/wp\/product\/arroz-con-camarones\/","title":{"rendered":"Arroz con Camarones"},"content":{"rendered":"<p>Acompa\u00f1ado de consom\u00e9, ensalada y tostada de pl\u00e1tano.<\/p>\n","protected":false},"excerpt":{"rendered":"<p>Acompa\u00f1ado de consom\u00e9, ensalada y tostada de pl\u00e1tano.<\/p>\n","protected":false},"featured_media":0,"template":"","meta":[],"product_brand":[],"product_cat":[73],"product_tag":[],"class_list":{"0":"post-7252","1":"product","2":"type-product","3":"status-publish","5":"product_cat-arroces","7":"first","8":"instock","9":"shipping-taxable","10":"purchasable","11":"product-type-simple"},"_links":{"self":[{"href":"https:\/\/lasirenagourmet.com\/wp\/wp-json\/wp\/v2\/product\/7252","targetHints":{"allow":["GET"]}}],"collection":[{"href":"https:\/\/lasirenagourmet.com\/wp\/wp-json\/wp\/v2\/product"}],"about":[{"href":"https:\/\/lasirenagourmet.com\/wp\/wp-json\/wp\/v2\/types\/product"}],"wp:attachment":[{"href":"https:\/\/lasirenagourmet.com\/wp\/wp-json\/wp\/v2\/media?parent=7252"}],"wp:term":[{"taxonomy":"product_brand","embeddable":true,"href":"https:\/\/lasirenagourmet.com\/wp\/wp-json\/wp\/v2\/product_brand?post=7252"},{"taxonomy":"product_cat","embeddable":true,"href":"https:\/\/lasirenagourmet.com\/wp\/wp-json\/wp\/v2\/product_cat?post=7252"},{"taxonomy":"product_tag","embeddable":true,"href":"https:\/\/lasirenagourmet.com\/wp\/wp-json\/wp\/v2\/product_tag?post=7252"}],"curies":[{"name":"wp","href":"https:\/\/api.w.org\/{rel}","templated":true}]}}

<p>Acompañado de consomé, ensalada y tostada de plátano.</p>
